common divisor of 64 and 6614?
2
What is the highest common divisor of 20012 and 4?
4
What is the greatest common divisor of 228 and 158023?
19
What is the greatest common divisor of 1260 and 6588?
36
What is the highest common factor of 13498 and 289?
17
What is the greatest common divisor of 42550 and 125?
25
Calculate the greatest common factor of 437 and 167509.
23
What is the highest common divisor of 1760 and 59785?
55
Calculate the highest common divisor of 18 and 1065717.
9
Calculate the highest common factor of 114506 and 266.
14
What is the greatest common divisor of 2798852 and 532?
532
What is the highest common factor of 4494 and 42?
42
Calculate the highest common factor of 14536 and 36248.
184
Calculate the highest common factor of 91584 and 24.
24
Calculate the highest common divisor of 2047 and 508813.
89
Calculate the greatest common divisor of 6809 and 387494.
619
What is the highest common factor of 72295 and 855?
95
Calculate the highest common factor of 32 and 45424.
16
Calculate the highest common factor of 32 and 479152.
16
What is the highest common factor of 85059 and 18?
9
Calculate the highest common divisor of 25 and 550625.
25
Calculate the highest common divisor of 162203 and 171.
19
Calculate the greatest common factor of 357 and 112217.
119
Calculate the highest common divisor of 264175 and 225.
25
What is the greatest common divisor of 17816 and 65500?
524
What is the greatest common factor of 36945 and 45?
45
Calculate the greatest common divisor of 31228 and 370.
74
Calculate the greatest common divisor of 406 and 74878.
58
What is the greatest common divisor of 12765 and 1?
1
What is the highest common factor of 1830 and 1620?
30
What is the greatest common factor of 558735 and 4632?
579
What is the greatest common factor of 371570 and 2920?
730
Calculate the greatest common divisor of 102336 and 12272.
208
What is the greatest common divisor of 23596 and 4709?
17
Calculate the greatest common divisor of 2545728 and 48.
48
What is the greatest common factor of 44 and 2525468?
44
What is the highest common factor of 50 and 5673100?
50
Calculate the greatest common factor of 21907 and 171.
19
Calculate the greatest common factor of 1548 and 663372.
36
Calculate the greatest common divisor of 1638 and 1674.
18
What is the greatest common divisor of 128 and 360?
8
Calculate the greatest common factor of 110 and 226985.
55
What is the highest common factor of 30756 and 121?
11
What is the highest common divisor of 43523 and 213?
71
Calculate the highest common divisor of 1260 and 4068.
36
Calculate the highest common factor of 26159 and 4343.
101
What is the highest common divisor of 28569 and 16554?
267
Calculate the greatest common divisor of 6600 and 52360.
440
Calculate the greatest common divisor of 646 and 180506.
34
What is the highest common divisor of 3556 and 36?
4
What is the greatest common factor of 41 and 6929?
41
What is the greatest common divisor of 3144 and 648?
24
What is the highest common factor of 8100 and 16?
4
What is the highest common factor of 3 and 307875?
3
Calculate the highest common divisor of 3652 and 121.
11
Calculate the greatest common divisor of 1969 and 1133.
11
What is the greatest common divisor of 299 and 2327?
13
Calculate the highest common divisor of 35571 and 1065.
213
What is the greatest common factor of 275 and 11550?
275
Calculate the highest common factor of 90315 and 639.
9
Calculate the greatest common factor of 7875 and 110565.
315
What is the greatest common divisor of 3263 and 65?
13
What is the greatest common factor of 19 and 743?
1
What is the greatest common divisor of 735 and 40935?
15
Calculate the highest common divisor of 286 and 149116.
22
What is the greatest common factor of 2886 and 222?
222
Calculate the greatest common factor of 10650 and 1136.
142
What is the greatest common divisor of 3176 and 88?
8
What is the highest common factor of 161 and 525021?
161
What is the greatest common divisor of 1398806 and 1986?
662
Calculate the greatest common divisor of 7 and 8575.
7
What is the greatest common divisor of 412 and 28222?
206
Calculate the highest common factor of 246675 and 2706.
33
Calculate the highest common divisor of 108 and 22424.
4
Calculate the greatest common divisor of 344612 and 808.
404
What is the highest common factor of 2497 and 248792?
227
Calculate the greatest common factor of 8772 and 21156.
516
What is the highest common divisor of 2 and 925346?
2
Calculate the highest common divisor of 159546 and 4.
2
What is the highest common factor of 9088 and 23714?
142
Calculate the highest common factor of 31 and 1173753.
31
Calculate the highest common factor of 64 and 40816.
16
What is the highest common factor of 13950 and 54?
18
What is the highest common factor of 24 and 44244?
12
Calculate the highest common factor of 48 and 760656.
48
Calculate the greatest common divisor of 884 and 1870.
34
What is the greatest common divisor of 78484 and 112?
28
What is the highest common factor of 31255 and 423?
47
Calculate the greatest common divisor of 18 and 35946.
18
What is the greatest common divisor of 1 and 5983?
1
What is the highest common divisor of 5 and 1690465?
5
What is the highest common factor of 25651 and 113?
113
Calculate the greatest common factor of 10 and 235145.
5
What is the highest common factor of 500 and 7100?
100
Calculate the highest common divisor of 70728 and 168.
168
What is the greatest common divisor of 784 and 21714448?
784
What is the highest common factor of 118749 and 69?
69
Calculate the greatest common divisor of 128 and 215040.
128
What is the greatest common divisor of 988696 and 4150?
166
Calculate the highest common factor of 77993 and 23.
23
What is the greatest common divisor of 1875 and 220?
5
Calculate the highest common factor of 4994379 and 527.
527
What is the highest common factor of 165 and 51700?
55
What is the greatest common divisor of 10624 and 6308?
332
Calculate the highest common divisor of 16 and 3068480.
16
Calculate the greatest common factor of 140 and 320670.
70
What is the highest common divisor of 30 and 1310730?
30
Calculate the highest common divisor of 8510 and 82570.
230
Calculate the greatest common divisor of 4636 and 1039196.
244
Calculate the greatest common factor of 1680 and 1589.
7
What is the highest common divisor of 53947 and 146?
73
What is the highest common factor of 36 and 41928?
12
Calculate the highest common divisor of 324 and 270.
54
Calculate the highest common divisor of 1318 and 1988203.
659
Calculate the highest common factor of 979 and 1071293.
89
What is the greatest common divisor of 72 and 96456?
24
Calculate the greatest common factor of 3660 and 41940.
60
What is the greatest common factor of 3060 and 5040?
180
Calculate the highest common divisor of 12051 and 663.
39
Calculate the greatest common factor of 39 and 5241.
3
What is the highest common factor of 2193726 and 1572?
786
Calculate the highest common divisor of 9212 and 4900.
196
What is the highest common divisor of 156989 and 1148?
287
What is the highest common factor of 468783 and 126?
63
Calculate the greatest common divisor of 134505 and 882.
441
What is the highest common divisor of 8217 and 37917?
99
What is the highest common divisor of 4692 and 4386?
102
Calculate the highest common factor of 5915633 and 1777.
1777
Calculate the greatest common divisor of 87 and 165909.
87
What is the highest common factor of 1141 and 2123401?
1141
What is the greatest common factor of 14038 and 2?
2
What is the highest common factor of 25001 and 340231?
1087
What is the greatest common divisor of 2320000 and 625?
625
Calculate the highest common factor of 64 and 1668864.
64
Calculate the highest common factor of 6 and 1816152.
6
Calculate the greatest common divisor of 79616 and 896.
128
Calculate the highest common factor of 760 and 3350.
10
What is the greatest common factor of 4028 and 1378?
106
What is the highest common factor of 58956 and 11220?
204
What is the highest common factor of 2281759 and 103?
103
What is the highest common factor of 6026920 and 920?
920
What is the greatest common factor of 59 and 145553?
59
What is the greatest common factor of 297 and 81?
27
Calcul